sor of p and 189?
27
Suppose -5 = -7*f + 23. Calculate the highest common factor of 124 and f.
4
Let u be (3 - (-4)/2) + 0. Let i be 12/u + 4/(-10). Let d = 10 - 9. Calculate the highest common divisor of d and i.
1
Let p(v) be the second derivative of -v**4/12 + 2*v**3/3 - v**2/2 - 3*v. Let d be p(3). Suppose m + 0 = 2. Calculate the highest common factor of m and d.
2
Suppose -d + 2*d - 133 = -2*m, -4*d + 340 = 5*m. What is the highest common divisor of 16 and m?
16
Suppose 5 = -4*y + 5*p, 0*y = -3*y - 4*p + 35. Let u be 3/((-10)/(-3) + -3). Let r = u + y. What is the highest common divisor of 112 and r?
14
Let x(f) = -f**3 - 7*f**2 - 7*f - 6. Let n be x(-6). Suppose -4*y - 3*u + 216 = -0*y, n = -5*y + 2*u + 247. Calculate the highest common factor of y and 34.
17
Let t = -29 + 39. What is the greatest common divisor of 110 and t?
10
Let w(k) = 17*k + 3. Let f be w(3). Calculate the highest common factor of f and 36.
18
Suppose 4*w = 5*w + 4, -5*j + 70 = -5*w. Let a be (-175)/(-10)*4*1. What is the highest common divisor of j and a?
10
Let d(f) = -f**2 + f - 1. Let s(c) = 6*c**2 - 4*c + 9. Let p(z) = 5*d(z) + s(z). Let w be p(0). Let g = 5 - w. What is the greatest common divisor of g and 11?
1
Let w = 45 - 5. Let l be 2*(11 - (-2 - -3)). Calculate the highest common factor of l and w.
20
Let k(t) = -6*t - 6. Suppose -26 + 11 = -3*o. Suppose 0*a - 4*a = -o*z + 3, 3*z - 6 = 3*a. Let r be k(a). What is the greatest common factor of 18 and r?
18
Let f(n) = n**3 - 4*n**2 + 3*n. Let r be f(4). Suppose 4*t - 4*d = -0*d - 8, 5*d = 25. Calculate the greatest common factor of t and r.
3
Suppose -2*t - 239 = -g - 3*t, -3*g + 2*t + 692 = 0. Calculate the greatest common factor of 26 and g.
26
Let r(i) = -i**2 + 11*i - 7. Let x be r(10). Suppose -k = -g + 5, -k - x*g + 7 = 2*g. Let b = k + 7. Calculate the highest common divisor of 44 and b.
4
Let n = 113 - -1. Let y be n/27 + (-2)/9. Suppose 5*x - y*u = -0 + 20, -x - u + 13 = 0. Calculate the greatest common factor of 16 and x.
8
Suppose -5*y = -4*n + 245, 0 = 2*n + y - 154 + 35. Calculate the greatest common divisor of n and 12.
12
Suppose -f = -5*f + 100. Let t = -10 + f. Calculate the highest common divisor of t and 120.
15
Let y = -5 - -11. Let s = y + 12. Calculate the greatest common divisor of s and 27.
9
Let f(l) = -l**3 - 6*l**2 + l - 7. Let c be f(-7). Suppose -4*b = -3*t - 8, 4*b - 7*t = -3*t + 4. What is the greatest common divisor of b and c?
5
Suppose -2*y + 3 = -9. Suppose -y*o = -3*o. Let t(i) = -i**3 + i + 110. Let l be t(o). Calculate the highest common factor of l and 22.
22
Let r(g) = g**3 + 12*g**2 + 10*g + 9. Let o be r(-11). What is the highest common divisor of 5 and o?
5
Let p = -113 + 249. Suppose -p = -3*a + 74. Calculate the highest common factor of 10 and a.
10
Let q(d) = -d**2 + 12*d - 7. Let x be q(5). What is the highest common factor of x and 7?
7
Suppose -a + 0 = -13. What is the greatest common factor of a and 91?
13
Let r = 17 - 12. Let w = r + -3. Calculate the greatest common divisor of 4 and w.
2
Let c(u) = -u**3 + 13*u**2 - u - 36. Let h be c(11). Calculate the highest common factor of 15 and h.
15
Suppose a = -k + 192, 2*a + 384 = 4*a + 5*k. What is the greatest common factor of a and 24?
24
Let o be (-2)/4 - 618/(-4). Calculate the greatest common divisor of 14 and o.
14
Let q(w) = -w**2 + 10*w. Let k be q(10). Let f(d) = 2*d + 66. Let m be f(k). Calculate the highest common factor of m and 44.
22
Let i(w) = w - 4. Let l be i(4). Suppose l*y - 6 = -3*y. Suppose y*j + 2*h - 80 = 0, -5*j + 3*h + 100 = -3*j. What is the highest common factor of j and 4?
4
Let p(f) = f**3 - 4*f**2 + 4*f - 5. Let t be p(5). What is the highest common divisor of 16 and t?
8
Suppose 4*w = 4*p + 120, 8*w - 5*w - 90 = -2*p. Calculate the highest common factor of 100 and w.
10
Suppose -r = 0, 3*r = -5*y - r + 10. What is the greatest common factor of 14 and y?
2
Suppose 4*a = -17 + 1. Let w(i) = 3*i**2 - 7*i - 6. Let k be w(a). What is the highest common factor of 7 and k?
7
Suppose -s - 2*t = 1 - 21, -t + 60 = 3*s. Calculate the highest common divisor of 5 and s.
5
Suppose u + 25 = 27. Calculate the highest common factor of u and 1.
1
Let x = 77 - -28. What is the highest common divisor of 30 and x?
15
Suppose -5*x + x = -4*n - 160, 3*n = x - 46. What is the greatest common factor of 148 and x?
37
Suppose 0 = -j - 11 - 7. Let u = j - -31. What is the highest common factor of 39 and u?
13
Suppose -4*b + 12 = -0. Let a = b + 10. Let t = 98 + 32. What is the greatest common divisor of t and a?
13
Let v = -2 + 4. Suppose -2*c = 5*m - 12, 2*m + c - 2*c = 3. What is the highest common factor of v and m?
2
Let g be 1 - (-3 + 18/3). Let q be 1 + (-1 + 0)*g. Let j = 8 + q. Calculate the highest common divisor of 99 and j.
11
Suppose 26*b - 140 = 22*b. Calculate the greatest common factor of 35 and b.
35
Suppose 392 + 24 = 4*p. Calculate the highest common factor of 8 and p.
8
Let k(y) = -5*y**3 + 2*y**2 - y - 1. Let a be k(-2). Let i = a - 79. Let o be i/(-2*1)*3. What is the highest common divisor of o and 30?
15
Let u = 10 + -5. Suppose v + 3*m + 3 = 0, v - 21 = u*m - 2*m. What is the greatest common divisor of v and 72?
9
Let r = 41 - 3. Suppose u + r = 3*u. Let f = -224 + 395. What is the greatest common factor of u and f?
19
Let q(l) = -17*l**3 + l**2 + l + 1. Let d be (-6 - (-8 - -4)) + 1. Let s be q(d). Calculate the greatest common factor of 54 and s.
18
Let u = -156 + 244. Suppose 3*w = -0*w + 33. What is the greatest common divisor of w and u?
11
Suppose 44 = 3*k + 2*p, 2*k + 5*p = -3*k + 65. What is the greatest common factor of 54 and k?
18
Let d be 8/48 + (-249)/(-18) + 1. Calculate the highest common divisor of d and 240.
15
Suppose -3*p = -15 + 3. Calculate the greatest common divisor of p and 4.
4
Suppose -5*q + 36 = 2*v - 57, v = -q + 21. What is the greatest common factor of 153 and q?
17
Let l(h) be the second derivative of 0 - 2*h + 5/3*h**3 - 3*h**2 - 1/12*h**4. Let s be l(7). Calculate the greatest common divisor of s and 5.
5
Let s(d) = d**2 - d. Let c(r) = 100*r**2. Let w(m) = c(m) + s(m). Let h be w(1). Calculate the highest common divisor of 10 and h.
10
Let c be (-1)/(-1*2/64). What is the highest common divisor of c and 112?
16
Let t(x) = 2*x**2 - 4. Let w be t(3). Calculate the highest common divisor of w and 28.
14
Let p(n) = 11*n**2 - 2*n. Let j = 4 - 2. Let b be p(j). Calculate the greatest common factor of 5 and b.
5
Let n(w) = w**2 + 3. Let q be n(4). What is the highest common divisor of 19 and q?
19
Let z(o) = 7*o + 2. Let m be z(4). Suppose 2*u + 2*u = 40. Suppose -2*g = u, -2*s + 0*g = -2*g - 100. Calculate the highest common divisor of s and m.
15
Let c(o) = o**3 + 17*o**2 - 17*o + 26. Let q be c(-18). What is the highest common factor of 1 and q?
1
Let j = -12 + 10. Let n be 19 + (4/j)/(-2). Calculate the greatest common divisor of n and 4.
4
Let z(o) = o**2 - 4*o. Let h be z(6). Let l be (h/(-18))/(1/(-3)). What is the greatest common factor of l and 22?
2
Let c be (2 - 4)/(-2 + 0). Suppose -4 = -d - 1, -b + 2*d - 4 = 0. Calculate the greatest common divisor of c and b.
1
Suppose -v + 4 = -4*l + 21, -2*l = -4*v - 12. Let b be (6/l)/((-6)/(-40)). Calculate the greatest common factor of 40 and b.
10
Suppose 3*z + 140 = 8*z. Calculate the greatest common factor of z and 7.
7
Let o be 2/9 - 119/9. Let a = 17 - o. What is the greatest common factor of 12 and a?
6
Let u(g) = -g + 14. Let n be u(6). Calculate the highest common divisor of 2 and n.
2
Let i(r) = -9*r**3 - 2*r - 2. Let d be i(-1). Let w(s) = s**3 - 9*s**2 + 7*s + 9. Let y be w(d). What is the greatest common divisor of y and 9?
9
Suppose 7 = 4*v - 33. Let h(b) = -6*b - 6. Let u be h(-6). Calculate the greatest common factor of v and u.
10
Let s(g) = g**3 + 6*g**2 + 2*g + 3. Let b be s(-5). Let z(d) = d + 6. Let o be z(-5). Let j be (36/42)/(o/42). Calculate the greatest common divisor of j and b.
18
Let y(u) = 2*u - 1. Let p be y(5). Let s = p + -5. Suppose j + s = 92. Calculate the highest common divisor of 8 and j.
8
Let t = -74 + 146. Suppose -5*u - 40 = -5*i, -4*u + 6 = 5*i - 7. Let h be u/(-4) + 66/8. What is the highest common divisor of h and t?
9
Suppose u + 4*c = 4 - 19, u + 18 = -5*c